- 353*d. Calculate w(-8).
18
Let m(j) be the second derivative of 10 + 5/6*j**3 - 3/2*j**2 - j + 1/20*j**5 + 7/12*j**4. Calculate m(-5).
22
Suppose -57*b - 4*o = -52*b - 13, 5*o - 10 = 0. Suppose 11*p - 6*p = 0. Let h(w) = -3*w + 2*w + 6*w**2 - b - 1 + p*w**2. What is h(2)?
20
Let s = 62 - 57. Suppose -s*i = -i - 5*z + 8, -44 = 4*i + 4*z. Let o(k) = 2*k + 10. Determine o(i).
-4
Let m = 0 - 3. Let y(h) = 37*h**2 - 9*h - 3. Let w(c) = 13*c**2 - 3*c - 1. Let s(k) = 17*w(k) - 6*y(k). Calculate s(m).
-17
Let f(r) = r**3 + 19*r**2 - 65*r + 25. Let m be f(-22). Let v(i) = 0*i**3 - 54*i**2 + 4*i**3 + 60*i**2 + 7 - m*i**3 - 5*i. Determine v(-7).
-7
Let b(m) = -m**3 + 7*m**2 - 7*m + 8. Suppose 328*z - 338*z + 40 = 0. Calculate b(z).
28
Let o(p) = 4*p - 285*p**3 + 11 - 5*p - p**2 - 2 + 2*p + 286*p**3. Calculate o(0).
9
Let r(o) be the second derivative of -o**4/12 - o**3/6 - o**2/2 - o. Suppose 0 = -93*y - 78*y - 513. Give r(y).
-7
Suppose -5 - 11 = 4*t. Let v be (t/6)/((-18)/54). Let z(q) = -21*q + 23*q + v - 1. Calculate z(3).
7
Let r(k) = -k**3 - 22*k**2 - 6*k + 85. Let m be r(-21). Let h = m + 236. Let p(c) = c**2 - 4*c - 5. Determine p(h).
7
Let i(s) = -s**2 + 12. Let r(h) = h**3 - 29*h**2 - 61*h - 35. Let a be r(31). What is i(a)?
-4
Let p(r) be the second derivative of -r**4/12 - 2*r**3/3 + 2*r**2 - 436*r. Give p(-5).
-1
Let z(h) = -h**3 + 2*h**2 + 2*h + 2. Let t = 144 - 150. Let d be ((-18)/12)/(15/t - -2). Determine z(d).
-1
Let t(j) = -3*j + 5*j + 0*j + 2*j - j**2 + 10*j - 29*j - 2. Let k = 23 - 38. What is t(k)?
-2
Let i(n) = n - 2. Let u(y) = 8*y**2 + 90*y - 8. Let d(g) = 10*i(g) - u(g). What is d(-10)?
-12
Let v(q) = q - 20. Let g be (-11 + 9)/2*-4. Calculate v(g).
-16
Let k(o) = -o**2 + 11*o - 7. Suppose 2*r - 3*w - 3 = -0*r, -r + 5 = -5*w. Let m be 5 + (r/(-1) - -5). What is k(m)?
3
Suppose -6 + 2 = -2*n. Let f(d) = -4*d - d**2 - 3 + 2*d - n*d - 2*d. Let a = 1659 + -1664. Give f(a).
2
Let p(x) = 5*x - 29. Let c(h) = -h**3 - 9*h**2 - 13*h - 32. Let b be c(-8). Calculate p(b).
11
Let b(g) = 141*g**2 - 22*g + 22. Let k be b(9). Let u(p) = -11244 + 2*p - 2*p**3 - 3*p + k. Calculate u(2).
-17
Let l(w) = 4*w - 44. Suppose -55*x + 836 = 286. What is l(x)?
-4
Let n(w) = -w**3 + 10*w**2 + 4*w - 2. Let i(v) = -3*v**2 + 179*v - 279. Let s be i(58). Determine n(s).
-79
Suppose -w + 3*m + 5 + 9 = 0, 0 = -m - 4. Let q(f) = 7*f + 6. Let k(n) = -7*n - 4. Let y(x) = 4*k(x) + 3*q(x). Give y(w).
-12
Let m(h) = -h**3 + h**2 + h + 3. Let w = -3462 - -3465. Calculate m(w).
-12
Let t(i) be the second derivative of i**3/6 + 5*i**2/2 + 7*i. Let s(b) = 3*b + 37. Let x be s(-12). Let v be x + -6 - (-7 + 6). Calculate t(v).
1
Let m(k) = 10*k - 2. Let u = -3651 + 3652. What is m(u)?
8
Let s(n) be the first derivative of 107*n**2/2 - 1168*n - 10561. Give s(11).
9
Let a = 1716 - 1722. Let q(s) = 18*s + 97. Give q(a).
-11
Let b(x) = -27*x + 200. Let f(t) = 18*t - 136. Let w(v) = -5*b(v) - 7*f(v). Give w(6).
6
Let p(r) = r**3 - 29*r**2 + 31*r - 80. Let i be p(28). Let o(g) = -2*g**3 + 4*g**2 - 4*g + 2. Give o(i).
-78
Let h(s) be the first derivative of s**3/3 + 7*s**2/2 + 7*s - 2575. Suppose -40 + 7 = -g. Suppose -g = 5*q + 3*t, 1 = -t - 0*t. Determine h(q).
1
Suppose -4*k - k + 1493 = -2*v, 2*k = -5*v + 574. Let l = -289 + k. Let z(y) = y**3 - 8*y**2 + 2*y - 7. Give z(l).
9
Let p(a) = -4*a - 2*a + 3 - a + 6*a - 2. Calculate p(-8).
9
Let y(q) = -q - 124611 + 249170 - 124580. Let u(n) = -n**3 + 4*n**2 - 4*n + 3. Let p be u(3). Give y(p).
-21
Let q(p) = -p**2 + 7*p + 1. Suppose 0 = 6*r - 1300 + 1192. Suppose -m = -r + 11. Give q(m).
1
Let w(j) = j**3 - 7*j**2 + 10*j - 5. Suppose f - 3*i + 13 = 0, -821*i - 30 = -826*i. What is w(f)?
-5
Let d(h) be the first derivative of -h**4/4 - 4*h**3/3 - h**2 - 6*h - 91. Give d(-4).
2
Let p be (3 - 7)/(10/(-25)). Suppose p*h - 12 = -2*h. Let i(s) = -20*s + 1. Determine i(h).
-19
Suppose -t = -37 + 3. Suppose -158 = 9*q + 130. Let s = q + t. Let c(z) = z**3 - 4*z**2 + 1. Calculate c(s).
-7
Suppose 0*j = j - 3. Let o = 4002 + -3987. Let p be 32/(-40) - (j/o - 2). Let v(q) = -7*q**3 + 2*q**2 - q. What is v(p)?
-6
Let q = -169 - -171. Let y(d) = -37 + 107 + 4*d - 33 - 39. Calculate y(q).
6
Suppose 12*w = 7*w - 20. Let t(l) = l + 1. Let u(z) = 6*z + 7. Let y(h) = -h + 6. Let q be y(5). Let i(a) = q*u(a) - 5*t(a). Determine i(w).
-2
Let y(q) = 0 - 3*q + 2 - 3*q**2 + 5*q**2. Suppose u + 23 = -3*i, -1193*u - 4*i - 40 = -1194*u. Determine y(u).
22
Suppose -16*g + 77 + 33 = 6*g. Let d(s) be the first derivative of s**4/4 - 5*s**3/3 - 3*s**2 + 5*s + 5. Determine d(g).
-25
Let w(a) be the first derivative of a**3/3 + 11*a**2/2 - 16*a + 8118. Give w(6).
86
Let h(p) be the third derivative of -5*p**4/24 - 5*p**3/6 + 694*p**2. Give h(6).
-35
Let r(f) = 2*f + 1. Let c(a) = a**3 + a + 4. Let u be c(4). Let d = u + -69. Suppose 37 = -d*o + 43. Determine r(o).
5
Let v(z) = -34*z**3 - 11*z**2 - 39*z - 5 + 20*z + 7*z + 35*z**3. Suppose l + 4*f = 32, -80 = 4*l - 9*l - 4*f. Determine v(l).
-5
Let m(u) be the first derivative of -7*u**2 - 7*u - 769. Give m(-10).
133
Let a(p) = -p**2 - 2*p + 4. Let s(f) = -86 - 13*f + 24 + 3*f + 18*f. Let h be s(7). Determine a(h).
-20
Suppose 18*y = -16*y. Suppose y*v - 1 = -v. Let n(f) = 3*f - 2. Determine n(v).
1
Let p(q) = -q**3 + 15*q**2 + 33*q + 2. Suppose 6*j + 22*j - 714 = -14*j. What is p(j)?
-15
Let t(p) = p - 6. Let x(q) = 3*q - 25. Let b(g) = -5*t(g) + 2*x(g). Determine b(-6).
-26
Let l(h) = 4*h**2 + 3*h - 1. Let q = -56 - -129. Suppose -q*a + 58*a + 30 = 0. What is l(a)?
21
Let j(s) = -s**2 - 4*s + 4. Let m = 29 + -29. Let k be (m - 2/6) + (-4)/(-12). Suppose 0*a - 2*a - 10 = k. What is j(a)?
-1
Suppose 3*m - 58 = -7. Let x(j) = -j - 7*j**3 + m*j**3 + 4*j + 4*j**2 + 1 - 9*j**3. Determine x(-2).
3
Let j(u) = -45*u + 56*u - 17225 + 17355. Determine j(-11).
9
Let m(r) = r**3 + 5*r**2 + 2*r + 2. Suppose -2*w = 2*z + 12, -30*z - 6 = 2*w - 34*z. Give m(w).
-8
Let m(i) = 0 + 2*i - 2 + 7 + i**2 + i**3 + 6*i**2 - 8*i. Let n be ((-8)/((-8)/2))/1. Suppose o = -k - 6, 2*o - 2 - n = 0. What is m(k)?
-11
Let k(j) = -2*j**3 - 24*j**2 - 11*j + 13. Let v be k(-11). Let p = v - -112. Let q(o) = o**2 + 6*o - 6. Give q(p).
34
Let c(t) = -17*t**3 + 20*t**2 + 38*t - 5. Let w(p) = -24*p**3 + 28*p**2 + 58*p - 8. Let d(j) = 7*c(j) - 5*w(j). What is d(-5)?
0
Suppose 0 = -0*t - 2*t + 6. Let f(y) be the second derivative of y**4/8 + 2*y**3/3 - 17*y**2 - 16*y. Let l(p) be the first derivative of f(p). Calculate l(t).
13
Let b be 26 - ((-9 - -17) + 9). Let o(u) = u**3 - 7*u**2 - 16*u - 10. What is o(b)?
8
Let y(l) = l**3 - 7*l**2 + 2*l - 7. Let q(z) = -25*z - 119. Let g(f) = 127*f + 595. Let i(r) = 2*g(r) + 11*q(r). Let p be i(-6). Calculate y(p).
7
Let s be -8*(-12 + (-799)/(-68)). Let r(c) = -15*c**3 + 4*c**2 - 17*c - 4. Let j(q) = 7*q**3 - 2*q**2 + 8*q + 2. Let h(u) = 13*j(u) + 6*r(u). Calculate h(s).
6
Let g(r) be the third derivative of 0*r + 177*r**2 + 0 - 1/24*r**4 + 17/6*r**3. Determine g(0).
17
Let m(v) = -v**2 + 10*v - 26. Let h be m(3). Let n(j) = 3*j**2 + 5*j - 6. Give n(h).
44
Let f(y) = -y**3 - 2*y**2 + y + 33. Let b = -14338 + 14338. Determine f(b).
33
Let m(b) = 25*b + 68984*b**2 + 9 + 68981*b**2 - 137963*b**2. What is m(-11)?
-24
Let a be 9 + -2*(-2)/(-4)*4. Let p(r) = -120 - 28*r + 121 + 27*r. Calculate p(a).
-4
Let t(x) = -x**2 + 7*x - 1. Let q(a) = a**3 + 6*a**2 - 2*a - 6. Let w(f) = -f - 8. Let k be w(-2). Let z be q(k). Let s be -1*(-2 + z + -11). What is t(s)?
-1
Suppose -6 = 3*z, 3*c - 6*c + 352 = -5*z. Let w(l) = 113 + c - 446 - l + 108 + 112. Give w(-2).
3
Let g = -260 - -401. Let n be 2 + (-13)/(-5) + g/(-235). Let c(t) = -2*t**2 + 5. What is c(n)?
-27
Let g = 125 + -122. Suppose -g*a = -7*q + 4*q + 18, 0 = -2*q - 4*a + 12. Let j(n) = n**3 - 5*n**2 - 7*n + 9. Give j(q).
3
Suppose y = -5*b + 2888, 131 + 440 = b - 2*y. Let k(m) = b - 2*m - 561 + 3*m. What is k(-14)?
2
Suppose -2248 = 3*k + 5*x, -k - 9*x + 4*x = 756. Let s = k - -743. Let y(o) = -2*o**3 - 4*o**2 - 3*o. What is y(s)?
27
Suppose 2*p - 43 = -0*p + h, 2*h = -4*p + 90. Suppose 26*s = p*s + 12. Let f(k) = 2*k**2 + 84*k + 6 - 81*k - s*k**2. What is f(5)?
-4
Let x = -175 - -175. Let o(i) = 1 + x*i + 7*i + 13*i**2 - 3*i - 16*i**2. Determine o(3).
-14
Let x(n)